*j + 3*n - p. What is the tens digit of j?
2
Let l(m) be the third derivative of m**4/24 - m**3/6 - 2*m**2. Let y = 2 - -4. What is the units digit of l(y)?
5
Suppose -75 = -3*y + 3*c, -4*y = y + c - 107. Let b = -8 + y. What is the tens digit of b?
1
Let r be (4/3)/((-1)/(-6)). Suppose 9*z = r*z + 16. What is the units digit of z?
6
Let t be 1/3 - 98/(-21). Let f = t + -8. What is the units digit of 17 + 2*f/6?
6
Let m be (8 - 1) + (-6)/6. Suppose -t = y - m*t - 2, -4*t = y - 2. What is the units digit of y?
2
Suppose 3*v = -0*v. Let p = v - 0. Suppose p = -0*n - n + 1. What is the units digit of n?
1
Let d(s) = -s + 18. Let p be (0/(-1))/(1*-1). Let k be d(p). Suppose -4*c = -k - 14. What is the units digit of c?
8
Suppose i - r = 17 + 4, i - 21 = 2*r. What is the tens digit of i?
2
Let s be (-1)/4 + (-485)/(-20). Let d be 32/s*6/(-4). What is the units digit of 5/2*(0 - d)?
5
Suppose 0*j = 5*j - 680. Let d = j + -78. What is the units digit of d?
8
Let r = 25 + -7. What is the units digit of r?
8
Suppose -n - 19 = -5*x - 0*n, -5*x = 3*n - 23. Suppose x*d - 40 = -d. What is the units digit of d?
8
Suppose -3*o = -3*i + 12, 9 - 3 = -3*i. What is the tens digit of 4/o + (-428)/(-12)?
3
Let h(z) = -z + 19. What is the tens digit of h(-8)?
2
Suppose -48 = -5*u - p, 6 = 2*u - p - 9. Let h = u + -14. Let c = h + 7. What is the units digit of c?
2
Let a(c) = -c**3 - 3*c**2 + 4*c + 2. Let v be a(-4). Let d(j) = 7*j**2 + 4*j + 2. Let g be d(-1). What is the units digit of (1 - 0)*(g + v)?
7
Let b(o) = 14*o + 1. Suppose 7 - 12 = -5*n. What is the units digit of b(n)?
5
Let f = 127 + 265. What is the units digit of f?
2
Let w(g) be the third derivative of g**5/60 + g**4/4 - g**3/3 + 2*g**2. Suppose 0 = -5*k - 3*m - 50, 4*m = -5*k - 29 - 26. What is the units digit of w(k)?
5
Let u(z) = -z**2 - z**2 + 1 - 3*z**3 - 2*z**3. Let b be u(1). What is the units digit of (-9)/b*(1 - -1)?
3
Suppose 6*y = 980 + 376. What is the units digit of y?
6
Suppose -13 = -2*l - 3. Suppose -2*k + k - l*n = 17, 2*k + 4*n = -10. What is the units digit of k?
3
Let v(y) = -y**2 + 7*y - 5. Let f be v(6). Let c be (-2 - -1) + (37 - f). Suppose -z + 2*l + 13 = -7, z - 5*l - c = 0. What is the units digit of z?
0
Let w(j) = -j - 3. Let y be w(5). Let t = y + 12. Suppose -t*r + 2*i + 14 = -i, -10 = -4*r + 5*i. What is the units digit of r?
5
Let a(z) be the first derivative of -z**3/3 + 4*z**2 - 8*z + 2. What is the units digit of a(6)?
4
Suppose -152 = -4*m - 4*w, -w - 30 = 4*m - 194. What is the units digit of m?
2
Let r = 117 - 81. What is the tens digit of r?
3
Let t(k) = 2*k + 2*k - 1 - 7*k - 1. Let j be t(-4). Let x(v) = v**3 - 10*v**2 + v - 3. What is the units digit of x(j)?
7
Suppose 8*g = 3*g + 130. What is the units digit of g?
6
What is the units digit of 2*(4 - 1) + 2?
8
Suppose -n + 0*n = 0, 4*z - 3*n = 212. Let d = z - 18. Suppose -3*r + r + d = 5*b, 5*r - 35 = -2*b. What is the units digit of r?
5
Suppose 6 = -f + 3*f, 4*v - f - 5 = 0. Suppose -p + 6 = v*w, 4*p - 4*w - 44 = -p. What is the units digit of p?
8
Let a = 70 - 41. What is the units digit of a?
9
Let y = -14 + 17. Suppose -y*w + 57 + 24 = 2*a, -5*a = 3*w - 90. What is the tens digit of w?
2
Suppose 0 = -4*v - 3*u + 31, -u = -2*v + 3*v - 7. Suppose 0 = 2*s - 0*s - v. Suppose s*q + 5 = -4*f, -8 = -3*f + 4*q + 27. What is the units digit of f?
5
Suppose -11 = -3*y + 1. Suppose -2*v - 3*o = -3, 0 = 5*o - y*o - 1. Suppose v = -b + 3*b - 20. What is the units digit of b?
0
Let q(n) = -2*n**3 + 2*n**2 - 3*n - 4. What is the tens digit of q(-3)?
7
Suppose 0 = -2*v - 0*v + a + 512, 2*a - 8 = 0. What is the hundreds digit of v?
2
Let s = 4 - 0. What is the units digit of ((-42)/s)/(3/(-4))?
4
Let m = 0 - -1. What is the units digit of -16*(m - (-3)/(-2))?
8
Let z be -1 + 5 - (4 - 3). Suppose -v + 7 = -z*d, 3 - 4 = d. Suppose -5*o = -0*o + 5*a + 10, -4*a = -v*o + 32. What is the units digit of o?
3
Suppose 0*r = 2*r - 8. Suppose 4*q = -2*l + 14, 4*q = 3*q - r*l - 14. What is the units digit of q?
6
Suppose 7 + 18 = 5*k. Suppose t = k, 0 = -5*y - t - 25 - 15. Let i(v) = -v - 2. What is the units digit of i(y)?
7
Suppose -2 = s - 7. What is the units digit of (-2)/s - 164/(-10)?
6
Suppose 4*r - 26 = -3*t, -2*t = 3*r + t - 21. Suppose r*n - 54 = -y, -2*n - n = y - 48. What is the units digit of y?
9
Suppose 4*m - 3 - 9 = 0. Suppose 5*p - 20 = 0, -m*a + 8 + 16 = -3*p. What is the tens digit of a?
1
Let m(w) = 7 - w**3 + 2*w - 5 + 0*w. Suppose -4*v - 5*l + 12 = 0, -5 + 1 = 4*v + l. What is the units digit of m(v)?
6
What is the units digit of -1 + (30*8)/3?
9
Suppose -7*r + 5*r + 72 = 0. What is the units digit of r?
6
Let n(y) = y**2 - 6*y - 10. Let x be n(7). Suppose -2*d - 4*g + 4 = 0, 3*d = -2*g + 4 - 2. What is the units digit of (8/(-3) + d)*x?
8
Suppose 4*g = -4, -3*z = 2*g - 4*g + 4. Let q be (3/z)/(6/8). What is the tens digit of q/5 - 52/(-5)?
1
Suppose 4*g + c - 4*c = -199, -g = 3*c + 61. Let k = -7 - g. What is the units digit of k?
5
What is the tens digit of (-6 - 6)/(2/((-184)/6))?
8
Let l(d) = 2*d**2 + 2*d - 3. Let b be l(2). Let h(t) = t**3 - 10*t**2 + 7*t + 8. Let v be h(b). Let p(m) = -m**2 - 10*m + 7. What is the units digit of p(v)?
7
Let g(m) = m**3 - 5*m**2 + 5*m - 3. Let s be g(4). Let u(a) = a**3 - 2*a + 1. Let v be u(s). Suppose 2*d - 6 - 2 = v. What is the units digit of d?
4
Let n = 0 + 2. Let s(p) = 14*p**2 - 4*p**2 + 2*p - 8*p**2 - 3. What is the units digit of s(n)?
9
Suppose 4*r + q + 15 = -11, 2*q + 28 = -4*r. Let s = 11 + r. What is the units digit of s?
5
Let b = -2 + 4. Suppose -l - b*l = -45. What is the tens digit of l?
1
Suppose 3*w = -0*w - 225. Let r = w + 115. What is the units digit of (24/10)/(12/r)?
8
Let m = -515 - -752. What is the tens digit of m?
3
Let x(p) = -p**2 + 12*p + 4. Let h be x(12). Suppose -9*t = -h*t - 70. What is the tens digit of t?
1
Let m be -5 - -6 - (-2 + -1). Suppose 5*s - 18 = -2*r + m*s, -3*r + 41 = 5*s. What is the units digit of r?
7
Suppose -2*w = 5*p + 90 + 12, -2*w + 8 = 0. Let g = p - -33. What is the units digit of g?
1
Let m be 0 + 0 - (-4 - 0). Let r = -27 - -63. Suppose -3*a + 2*j = -41, -3*a + m*j - j = -r. What is the units digit of a?
7
Let c(a) be the first derivative of -a**4 + 2*a**3/3 + a**2 + a + 2. Let b be c(-1). Suppose -b*s = -3 - 57. What is the units digit of s?
2
Let a(p) = 15*p**3 - p**2 + 2*p - 1. What is the tens digit of a(1)?
1
Let b be ((-6)/15)/(2/(-10)). Let f = 4 + b. What is the units digit of f?
6
Let a = 27 + 11. What is the units digit of a?
8
What is the units digit of -3 + (-1 - (1 - 14))?
9
Let r be 21/(-1 - 2) - 0. What is the units digit of 2/r - 324/(-7)?
6
Suppose -2*g - g = -96. Suppose -g = -x - 10. What is the tens digit of (x/6)/((-5)/(-15))?
1
Let g be 650/9 + 6/(-27). Let c = g + -43. What is the tens digit of c?
2
Let d = -7 + 4. What is the units digit of 20/(-1*d/6)?
0
Suppose 727 = 3*j + 58. What is the units digit of j?
3
Let m be 5/(120/294) + (-2)/8. Let w = -5 - -12. Let k = m - w. What is the units digit of k?
5
Let k be 0*((-9)/6 - -2). Let n(o) = -3 + k*o**2 + 1 + o**3 + 2*o - 3*o + 4*o**2. What is the units digit of n(-3)?
0
Let p(w) = 8*w - 7. What is the tens digit of p(6)?
4
Let m = -5 - -5. Let p = 14 - m. What is the units digit of p?
4
Suppose -4*p + 13 = -5*s, p = 2*s - 3*s + 1. Suppose -2*f + 18 = p*u, 8*f - 31 = -3*u + 3*f. What is the units digit of u?
7
Suppose -f = 2*f - 12. Let v(k) = -16*k**3 - 2*k**2 + 1. Let c be v(-1). Suppose -t = 3*i - c, 0 = -i - f*t + t + 5. What is the units digit of i?
5
Let b = 91 + -54. What is the units digit of b?
7
Let k(t) = -t**3 - 6*t**2 + 6*t - 4. Let h be k(-7). Suppose -120 = -h*m - 2*m - 3*x, 120 = 5*m + 2*x. What is the tens digit of m?
2
Let m = 8 - 8. Suppose 0 = -m*k - k + 3*r + 12, 5*r = -k + 44. What is the tens digit of k?
2
What is the units digit of (2214/(-12))/9*(-2)/1?
1
Suppose -8 = -3*i + 4. Let v(c) = -c**2 + 5*c - 2. Let b be v(2). What is the tens digit of i*b - 1 - 2?
1
Suppose 5*x - x = 136. What is the units digit of x?
4
Let v = 36 + -17. What is the tens digit of v?
1
Let t(x) = x**3 + x**2 - 5*x - 3. What is the units digit of t(4)?
7
Let h be (-2)/12 + 2/12. Let x = h - -6. Suppose x = -3*r, r = 4*s - 3*r - 40.